-n = -3*o + 25. What are the prime factors of o?
3
Suppose 3*c + w - 362 = 0, 5*c + w - 332 - 274 = 0. What are the prime factors of c?
2, 61
Let a = 7 - 11. Let k = a - -10. Let l(n) = -n**2 + 8*n - 1. What are the prime factors of l(k)?
11
Let m(p) = -2*p + 6. Let q be m(2). Suppose 3*u - 2*o = 74, -o = q*u + u - 89. List the prime factors of u.
2, 7
Suppose -82 = 2*z - 2*c + 368, -4*z + c - 885 = 0. What are the prime factors of z/(-8) - 1/(-2)?
2, 7
Suppose 5*h = 18 - 3. Let b be -9*h/(-9)*1. Suppose b*f - 4 = -y, -3*y - f = -4*y + 12. What are the prime factors of y?
2, 5
Let v(o) = -o**3 + 8*o**2 + 9*o - 12. What are the prime factors of v(7)?
2, 5
Suppose 4*a - 27 = 3*f, -2*a - 4*f - 11 = a. Suppose -2*o = a*o - 35. List the prime factors of o.
7
Let s be -3 - (-6)/((-18)/105). Let k = 64 + -89. Let h = k - s. What are the prime factors of h?
13
Let q be 2/((2 - -1)/(-6)). Let c = q + 10. What are the prime factors of c?
2, 3
Let u = -42 + 75. List the prime factors of (-3 - 11/(-3))*u.
2, 11
What are the prime factors of -2*-1*(-786)/(-12)?
131
Let h be (24/9)/(1/(-9)). Let k be (h/(-20))/(6/140). Let b = -16 + k. What are the prime factors of b?
2, 3
Let v(w) = 12*w - 2. Let g be v(4). Suppose 0 = -3*p - 0*s - 3*s - 30, 4*p - 2*s = -g. Let n = p + 16. What are the prime factors of n?
5
Let k(v) = -17*v**3 + v**2 - 1. List the prime factors of k(-1).
17
Suppose m = 4*m. Suppose m = 4*x + 4, -2*q - 5*x = 2*q - 47. What are the prime factors of q?
13
Let l(h) = 8*h**2 - 2*h + 1. Let w be l(2). Let n = 50 - w. What are the prime factors of n?
3, 7
Let l be ((-4)/(-3))/(2/3). Let u be ((-10)/4)/(l/(-48)). Suppose -p - 4*p - 4*h + 55 = 0, -3*p = -3*h - u. List the prime factors of p.
3, 5
Let g(d) be the third derivative of -2*d**2 + 1/3*d**3 + 0*d + 0 + 1/8*d**4 - 1/60*d**5 - 1/120*d**6. What are the prime factors of g(-3)?
11
List the prime factors of (-4)/3 - 2/3 - -29.
3
Suppose -380 = -47*c + 42*c. List the prime factors of c.
2, 19
Suppose -4*p = -4*q - 196, -4*p - 3*q + 106 = -62. List the prime factors of p.
3, 5
Suppose q = 2*q - 5. Suppose h = q*h - 32. What are the prime factors of h?
2
Let v(n) = n + 16. Let x(u) = -3*u - 47. Let g(j) = -17*v(j) - 6*x(j). Suppose -7*r + 4*r = 18. List the prime factors of g(r).
2
Suppose -4*s = -2*m - 60, s + 4*m + 69 = 6*s. What are the prime factors of s?
17
Let m = -34 + 54. Let f = 25 - m. What are the prime factors of f?
5
Let q(v) = -v**3 - 2*v**2 + v - 3. Let s be q(-3). Suppose -s*a + 6 = -30. List the prime factors of a.
2, 3
Let c(i) be the third derivative of i**6/120 - i**5/12 + i**4/12 + i**3/6 + 2*i**2. What are the prime factors of c(5)?
11
Suppose 4*l - 25 = 75. List the prime factors of l.
5
Let j(z) = -z**2 + 17*z - 11. List the prime factors of j(14).
31
Suppose -171 = -3*s - 0*s. List the prime factors of 5 + -4 + s/1.
2, 29
Let s be (-9)/((-9)/2) - 3. Let m(f) = -11*f**2 + 2*f + 5. Let b(a) = 12*a**2 - 2*a - 6. Let x(k) = -4*b(k) - 5*m(k). List the prime factors of x(s).
2
Suppose 400 = 4*v + 76. Suppose -3*h = v - 207. List the prime factors of h.
2, 3, 7
Let t(l) = -l**2 + 14*l - 12. List the prime factors of t(10).
2, 7
Let t(v) = v**2 + 7*v - 12. Let l be t(-9). Suppose -245 = -l*x + x. What are the prime factors of x?
7
Suppose -4*r = 5*v - 641, 2*r - 383 = v - 4*v. List the prime factors of v.
5
Suppose -5*p = -l - l, -l = -2*p. Suppose -7*o + 4 = -3. What are the prime factors of (-6 + o)*(-1 + l)?
5
Let y(m) = -m**3 - 5*m**2 + 3*m + 7. Let g be y(-5). Let o = -4 - g. List the prime factors of (0 - 2)/((-2)/o).
2
Suppose 4*t + 449 = 5*n, -2*t + 382 + 91 = 5*n. List the prime factors of n.
3, 31
Suppose -2*m + 18 = x, -8 = 4*x + 8. Suppose -1 - m = -3*n. List the prime factors of 34/4 - (-6)/n.
2, 5
Let w be 30/3*(-1)/(-2). List the prime factors of (6 + w)/(0 + 1).
11
Let r(w) = 9*w + 12. What are the prime factors of r(5)?
3, 19
Let c(h) = -h**2 + 9*h + 13. Let t be c(10). Let q be ((-18)/15)/t*-10. Suppose 92 = -0*v + 5*v + q*i, 5*i = 2*v - 50. List the prime factors of v.
2, 5
Let r = -12 - -18. Suppose 12 = j + 4*o, -r*j + o = -j + 3. What are the prime factors of 1 + (1 - j) + 7?
3
Let o(h) = 5*h**3 - h**2 - h + 1. Suppose -p = -5*p + 4. What are the prime factors of o(p)?
2
Let v(j) = -j**3 - 5*j**2 + 14*j + 3. What are the prime factors of v(-7)?
3
Let u be -2*(-2)/(-4) + 25. Let t = 7 + u. Let a = -22 + t. List the prime factors of a.
3
Let d be 4/(-6)*(2 - -4). Let c(m) = -9*m + 4. Let k be c(d). Suppose 4*u = 3*i - k, 2*u + 2*u = -i - 8. List the prime factors of i.
2
Suppose -2*f + 4 = -2. Suppose -47 = -f*y - s, y - 2*s + 19 = 2*y. List the prime factors of y.
3, 5
Suppose -a + 4 = -0*a. Let y(t) = -3 - 3 - 3*t - 7 + a. What are the prime factors of y(-6)?
3
Suppose 2*o = -2*s + 42, 12 - 118 = -5*s - 4*o. Suppose 0 = -4*q + s + 98. Let x = q + -14. List the prime factors of x.
2
Suppose -11*h + 4625 - 863 = 0. List the prime factors of h.
2, 3, 19
Suppose -110 + 0 = 2*m. Let j = -36 - m. What are the prime factors of j?
19
Suppose 3*l - 86 - 2 = r, 3*r + 96 = 3*l. List the prime factors of l.
2, 7
Suppose -3*o - h = -6*o + 315, 0 = -2*h - 6. What are the prime factors of o?
2, 13
Let n(p) = p**2 + 8. Suppose -i - 2 = -0*i. Let b be 2/(-7) - i/7. What are the prime factors of n(b)?
2
Let c be (-10)/(-6) - 1/(-3). Let v be (2/(-3))/(c/(-6)). Suppose -14 = -0*a - v*a. What are the prime factors of a?
7
Suppose s + 0*s + 52 = 0. List the prime factors of (-1)/(-3 + s/(-18)).
3
Let q = 94 + -55. What are the prime factors of q?
3, 13
Suppose -f + 4 + 10 = 0. What are the prime factors of f?
2, 7
Suppose 2*h - 56 = -5*u, 0 = -2*u + 5*h + 1 + 4. List the prime factors of (u/(-3) - -3)*-33.
11
Let k = -10 + 34. List the prime factors of (-2)/(k/13 + -2).
13
Let s(u) be the first derivative of -u**7/840 + u**5/40 + u**4/8 - 2*u**3/3 + 2. Let v(g) be the third derivative of s(g). What are the prime factors of v(-2)?
5
Let h = 12 - -64. What are the prime factors of h?
2, 19
What are the prime factors of ((-141)/5 - 3)*-5?
2, 3, 13
Let l(o) = 90*o - 1. List the prime factors of l(1).
89
Let u(d) = -d**2 - 33*d - 16. What are the prime factors of u(-26)?
2, 83
Let v be (-2)/4*20/(-2). Suppose -s - 69 = 4*s - z, v*z + 32 = -4*s. Let b = 27 + s. What are the prime factors of b?
2, 7
Let s(r) = -r**2 + 5*r - 3. Let k be s(3). Suppose k*d - 8*d = -70. What are the prime factors of d?
2, 7
Let i(o) be the second derivative of o**4/12 + 5*o**3/6 + 5*o**2/2 + 2*o. Let w be i(-6). Let r = w + 1. List the prime factors of r.
2, 3
Let m(a) = 3*a - 8. Let h be m(4). Suppose h*f = 5*u + 30, 2*u = -4*f + 23 - 7. List the prime factors of f.
5
Let t(w) = -2*w - 3. Let r be t(-4). Suppose 2*k - 3*u + 66 = r*k, 4*k + 2*u = 94. What are the prime factors of k?
5
Let v be 1 - (-10)/(-4)*2. Let j(p) = p + 1. Let r be j(v). Let l = r - -12. What are the prime factors of l?
3
List the prime factors of 3/(4 + 219/(-57)).
19
Suppose -4*r = -4*c + 492, 178 = 2*c - 3*r - 70. List the prime factors of c.
11
Let k(z) = 2 + 3*z - 2*z - 7. Let m be k(6). What are the prime factors of m/3*(7 - -2)?
3
Suppose k - 3*k + 34 = 0. Suppose -5*g + 5 = 3*q - k, -5*q + 12 = -4*g. What are the prime factors of 0 - (12/(-3))/g?
2
Let c(k) = k**2 - 2. What are the prime factors of c(-6)?
2, 17
Suppose 0*p + 7 = f + p, p = 2*f + 1. Suppose 0*s - 4 = -f*s. Suppose u + 7 = s*u. List the prime factors of u.
7
Let d be 2/(-15) + (-534)/45. Let s be d/30 - (-64)/10. Let w = s + 11. List the prime factors of w.
17
Let g(n) = 10*n**3 - 8*n**2 + 4*n + 1. List the prime factors of g(3).
211
Let n = -33 - -63. Let c(a) = a**3 + 3*a**2 + a - 2. Let f be c(-2). Suppose f = -3*u - 0*u + n. List the prime factors of u.
2, 5
Let b = 1 + -1. Suppose -s - 5 = 2*z - 20, 4*s - z - 33 = b. List the prime factors of s.
3
Suppose 5*g + 2*i = -32, -5*g + 1 - 27 = -4*i. What are the prime factors of 404/24 - 1/g?
17
Let h be 0/5 - (0 - 0). Suppose 96 - 24 = 4*g - 4*p, -g - p + 10 = h. What are the prime factors of g?
2, 7
Let x = -185 - -331. List the prime factors of x.
2, 73
Suppose 0 = -2*w + 16 + 28. What are the prime factors of w?
2, 11
Let i(l) = 11*l**2 + 11*l + 14. List the prime factors of i(-4).
2, 73
Let o(l) = -l**3